50135974?
0
What is the hundred millions digit of 112675044?
1
What is the units digit of 79826000?
0
What is the thousands digit of 174884862?
4
What is the ten thousands digit of 3011763191?
6
What is the hundred millions digit of 295204238?
2
What is the hundreds digit of 584997611?
6
What is the hundred thousands digit of 197463392?
4
What is the thousands digit of 480699911?
9
What is the hundreds digit of 1950852691?
6
What is the units digit of 62702826?
6
What is the ten thousands digit of 372496455?
9
What is the ten millions digit of 2151576497?
5
What is the tens digit of 758056452?
5
What is the hundreds digit of 886935396?
3
What is the ten millions digit of 31336550?
3
What is the ten millions digit of 223891320?
2
What is the ten thousands digit of 1214141693?
4
What is the ten thousands digit of 1265956140?
5
What is the ten thousands digit of 50328437?
2
What is the ten millions digit of 2456690040?
5
What is the hundred millions digit of 982845142?
9
What is the ten millions digit of 46231381?
4
What is the ten thousands digit of 7691513839?
1
What is the units digit of 89745?
5
What is the tens digit of 504175023?
2
What is the tens digit of 516033969?
6
What is the tens digit of 255731545?
4
What is the ten thousands digit of 130098397?
9
What is the thousands digit of 418141989?
1
What is the thousands digit of 50522816?
2
What is the ten thousands digit of 181685961?
8
What is the millions digit of 83285757?
3
What is the hundred thousands digit of 86815097?
8
What is the millions digit of 92435441?
2
What is the thousands digit of 49399175?
9
What is the ten thousands digit of 9887835?
8
What is the billions digit of 1122439898?
1
What is the millions digit of 357031372?
7
What is the units digit of 171638366?
6
What is the units digit of 31896220?
0
What is the thousands digit of 68160968?
0
What is the ten thousands digit of 4461657?
6
What is the ten thousands digit of 71868189?
6
What is the tens digit of 273880944?
4
What is the tens digit of 488766804?
0
What is the ten millions digit of 53431949?
5
What is the hundred thousands digit of 16638425?
6
What is the units digit of 5404871852?
2
What is the tens digit of 34908203?
0
What is the tens digit of 617935358?
5
What is the tens digit of 3649235177?
7
What is the ten thousands digit of 2721254669?
5
What is the tens digit of 8113796?
9
What is the ten millions digit of 386703676?
8
What is the ten millions digit of 1878847919?
7
What is the ten thousands digit of 143093662?
9
What is the thousands digit of 8262195?
2
What is the ten millions digit of 36265195?
3
What is the ten thousands digit of 142882763?
8
What is the hundreds digit of 3630498309?
3
What is the hundreds digit of 802195549?
5
What is the units digit of 18938341?
1
What is the units digit of 4810488506?
6
What is the hundreds digit of 38410711?
7
What is the millions digit of 19146845?
9
What is the hundred millions digit of 754984523?
7
What is the ten millions digit of 53928220?
5
What is the hundred millions digit of 2524638453?
5
What is the hundred thousands digit of 108672260?
6
What is the hundred millions digit of 6081470054?
0
What is the hundred millions digit of 8246848595?
2
What is the units digit of 72254126?
6
What is the ten millions digit of 234716608?
3
What is the units digit of 4240957358?
8
What is the hundreds digit of 1132326806?
8
What is the units digit of 12935339?
9
What is the hundred millions digit of 260230515?
2
What is the millions digit of 52439276?
2
What is the units digit of 1889718073?
3
What is the thousands digit of 34909148?
9
What is the hundred millions digit of 306395276?
3
What is the thousands digit of 39754400?
4
What is the ten thousands digit of 3394849426?
4
What is the hundreds digit of 7659736174?
1
What is the ten thousands digit of 125016542?
1
What is the ten millions digit of 40322102?
4
What is the hundreds digit of 695866398?
3
What is the tens digit of 65563632?
3
What is the ten thousands digit of 45248143?
4
What is the hundreds digit of 25934775?
7
What is the thousands digit of 18837692?
7
What is the tens digit of 1726705?
0
What is the hundreds digit of 43276288?
2
What is the millions digit of 2416772234?
6
What is the thousands digit of 37304544?
4
What is the millions digit of 2052701?
2
What is the hundred thousands digit of 79600601?
6
What is the hundreds digit of 5049870279?
2
What is the thousands digit of 54885696?
5
What is the units digit of 1602943462?
2
What is the millions digit of 38760157?
8
What is the millions digit of 154515620?
4
What is the thousands digit of 5191945618?
5
What is the units digit of 23055643?
3
What is the hundreds digit of 151734474?
4
What is the billions digit of 1083244796?
1
What is the millions digit of 1873683772?
3
What is the tens digit of 838258152?
5
What is the units digit of 3078035721?
1
What is the ten millions digit of 118511544?
1
What is the billions digit of 1122449800?
1
What is the ten millions digit of 125563341?
2
What is the tens digit of 70789411?
1
What is the hundreds digit of 1163009502?
5
What is the tens digit of 1853958847?
4
What is the thousands digit of 80670875?
0
What is the hundred millions digit of 7919286234?
9
What is the hundred thousands digit of 121372723?
3
What is the millions digit of 183793998?
3
What is the hundred thousands digit of 502664875?
6
What is the ten thousands digit of 527865846?
6
What is the units digit of 26593597?
7
What is the hundreds digit of 660611683?
6
What is the ten thousands digit of 565920969?
2
What is the hundreds digit of 184294768?
7
What is the units digit of 110172720?
0
What is the hundreds digit of 308335497?
4
What is the hundreds digit of 2821533249?
2
What is the thousands digit of 7606526?
6
What is the thousands digit of 52028782?
8
What is the millions digit of 1909620424?
9
What is the units digit of 41139997?
7
What is the ten millions digit of 13324317?
1
What is the thousands digit of 110532866?
2
What is the thousands digit of 45735470?
5
What is the millions digit of 442615021?
2
What is the millions digit of 546472241?
6
What is the ten thousands digit of 149668627?
6
What is the hundred thousands digit of 684358215?
3
What is the hundreds digit of 1515581481?
4
What is the ten thousands digit of 978059945?
5
What is the hundred thousands digit of 2351144?
3
What is the hundred millions digit of 2931515146?
9
What is the thousands digit of 419687640?
7
What is the tens digit of 22151915?
1
What is the hundred thousands digit of 2461962549?
9
What is the hundred thousands digit of 241627008?
6
What is the hundreds digit of 307798398?
3
What is the ten thousands digit of 3804578408?
7
What is the billions digit of 2601781197?
2
What is the thousands digit of 312063633?
3
What is the thousands digit of 913425841?
5
What is the units digit of 85259451?
1
What is the hundred millions digit of 111508318?
1
What is the hundreds digit of 40503369?
3
What is the thousands digit of 872017145?
7
What is the hundreds digit of 81794476?
4
What is the tens digit of 143345356?
5
What is the hundred millions digit of 138822696?
1
What is the hundred thousands digit of 54566174?
5
What is the ten thousands digit of 198139568?
3
What is the hundreds digit of 88605665?
6
What is the ten thousands digit of 5838888?
3
What is the hundred millions digit of 173342956?
1
What is the hundreds digit of 3588005857?
8
What is the thousands digit of 71970626?
0
What is the tens digit of 13442385?
8
What is the tens digit of 14365042?
4
What is the ten thousands digit of 340380614?
8
What is the ten millions digit of 40082014?
4
What is the tens digit of 37355670?
7
What is the thousands digit of 61499910?
9
What is the hundreds digit of 1158401909?
9
What is the hundreds digit of 6945978660?
6
What is the hundred thousands digit of 36687879?
6
What is the hundred millions digit of 6274352029?
2
What is the millions digit of 78764037?
8
What is the hundreds digit of 487232586?
5
What is the ten thousands digit of 1647223840?
2
What is the hundred millions digit of 1515947584?
5
What is the units digit of 307342001?
1
What is the hundred thousands digit of 24080866?
0
What is the ten millions digit of 40363218?
4
What is the t